{"id":513,"date":"2022-12-07T12:18:46","date_gmt":"2022-12-07T12:18:46","guid":{"rendered":"https:\/\/aeprueba.ingorlandoaponte.com\/?page_id=513"},"modified":"2023-10-18T18:49:09","modified_gmt":"2023-10-18T18:49:09","slug":"vuelos-charter","status":"publish","type":"page","link":"https:\/\/albatrosair.com.ve\/index.php\/vuelos-charter\/","title":{"rendered":"Vuelos Charter"},"content":{"rendered":"<style>\/*! elementor - v3.8.1 - 13-11-2022 *\/\n.elementor-heading-title{padding:0;margin:0;line-height:1}.elementor-widget-heading .elementor-heading-title[class*=elementor-size-]>a{color:inherit;font-size:inherit;line-height:inherit}.elementor-widget-heading .elementor-heading-title.elementor-size-small{font-size:15px}.elementor-widget-heading .elementor-heading-title.elementor-size-medium{font-size:19px}.elementor-widget-heading .elementor-heading-title.elementor-size-large{font-size:29px}.elementor-widget-heading .elementor-heading-title.elementor-size-xl{font-size:39px}.elementor-widget-heading .elementor-heading-title.elementor-size-xxl{font-size:59px}<\/style>\n<h2>Vuelos Charter<\/h2>\n<link rel=\"stylesheet\" href=\"https:\/\/aeprueba.ingorlandoaponte.com\/wp-content\/plugins\/elementor\/assets\/css\/widget-icon-list.min.css\">\n<ul>\n<li>\n\t\t\t\t\t\t\t\t\t\t\t<a href=\"https:\/\/albatrosair.aero\/\"><br \/>\n\t\t\t\t\t\t\t\t\t\t\tInicio<br \/>\n\t\t\t\t\t\t\t\t\t\t\t<\/a>\n\t\t\t\t\t\t\t\t\t<\/li>\n<li>\n\t\t\t\t\t\t\t\t\t\tVuelos Charter\n\t\t\t\t\t\t\t\t\t<\/li>\n<\/ul>\n<style>\/*! elementor - v3.8.1 - 13-11-2022 *\/\n.elementor-widget-image{text-align:center}.elementor-widget-image a{display:inline-block}.elementor-widget-image a img[src$=\".svg\"]{width:48px}.elementor-widget-image img{vertical-align:middle;display:inline-block}<\/style>\n<p>\t\t\t\t\t\t\t\t\t\t\t\t<img width=\"569\" height=\"107\" src=\"https:\/\/albatrosair.aero\/wp-content\/uploads\/2022\/12\/vuelos-charter-text-1.png\" alt=\"\" decoding=\"async\" loading=\"lazy\" srcset=\"https:\/\/albatrosair.aero\/wp-content\/uploads\/2022\/12\/vuelos-charter-text-1.png 569w, https:\/\/albatrosair.aero\/wp-content\/uploads\/2022\/12\/vuelos-charter-text-1-300x56.png 300w\" sizes=\"(max-width: 569px) 100vw, 569px\" \/>\t\t\t\t\t\t\t\t\t\t\t\t\t\t\t<\/p>\n<p>Si deseas un servicio m\u00e1s personalizado y trasladarte en grupos, cuentas con nuestro servicio de vuelos ch\u00e1rter<\/p>\n<p>\t\t\t<a href=\"https:\/\/albatrosair.aero\/index.php\/contacto\/\" role=\"button\"><br \/>\n\t\t\t\t\t\tCONTACTO<br \/>\n\t\t\t\t\t<\/a><\/p>\n<p><strong>Albatros Airlines<\/strong> pone a disposici\u00f3n el servicio de vuelos privados con los m\u00e1s altos est\u00e1ndares de calidad, con el objetivo de satisfacer las necesidades particulares de cada cliente. Estos son ideales para el traslado de corporaciones, representantes de negocios, organizaciones deportivas, personalidades del estrellato, y dem\u00e1s interesados en tener un vuelo c\u00f3modo, seguro, puntual y con atenci\u00f3n personalizada de primera categor\u00eda.<\/p>\n<p>Entre las ventajas que tienen los vuelos privados se encuentra el de disfrutar un servicio especializado y acorde a los anhelos de nuestros clientes, quienes adem\u00e1s no tendr\u00e1n que someterse a los horarios fijos de las rutas comerciales. Nos distinguimos de otras compa\u00f1\u00edas que ofrecen tambi\u00e9n esta posibilidad, pues ofrecemos un servicio a bordo muy superior, as\u00ed como las mejores tarifas del mercado nacional e internacional.<\/p>\n<p>Del mismo modo, le ofrecemos nuestro servicio de transporte a\u00e9reo en la modalidad de \u201cGrupo\u201d con tarifas especiales de acuerdo a las caracter\u00edsticas de su grupo; entre las ventajas de esta opci\u00f3n est\u00e1 una mayor disponibilidad de asientos, flexibilidad en caso de necesitar alguna modificaci\u00f3n antes de la emisi\u00f3n de los boletos; as\u00ed como en el manejo del pago.<\/p>\n<p>Si desea saber m\u00e1s de estos servicios, realizar su solicitud o cotizar un Vuelo Ch\u00e1rter o Grupo con nosotros, puede escribir a: <strong>charter@albatrosair.aero<\/strong> o comun\u00edquese con nosotros a trav\u00e9s del <strong>+58 243 231 8231<\/strong>; le enviaremos su cotizaci\u00f3n en el menor tiempo posible, as\u00ed como las condiciones aplicables a su viaje.<\/p>\n","protected":false},"excerpt":{"rendered":"<p>Vuelos Charter Inicio Vuelos Charter Si deseas un servicio m\u00e1s personalizado y trasladarte en grupos, cuentas con nuestro servicio de vuelos ch\u00e1rter CONTACTO Albatros Airlines pone a disposici\u00f3n el servicio de vuelos privados con los m\u00e1s altos est\u00e1ndares de calidad, con el objetivo de satisfacer las necesidades particulares de cada cliente. Estos son ideales para &hellip;<\/p>\n<p class=\"read-more\"> <a class=\"\" href=\"https:\/\/albatrosair.com.ve\/index.php\/vuelos-charter\/\"> <span class=\"screen-reader-text\">Vuelos Charter<\/span> Leer m\u00e1s &raquo;<\/a><\/p>\n","protected":false},"author":1,"featured_media":0,"parent":0,"menu_order":0,"comment_status":"closed","ping_status":"closed","template":"","meta":{"site-sidebar-layout":"no-sidebar","site-content-layout":"page-builder","ast-global-header-display":"","ast-main-header-display":"","ast-hfb-above-header-display":"","ast-hfb-below-header-display":"","ast-hfb-mobile-header-display":"","site-post-title":"disabled","ast-breadcrumbs-content":"","ast-featured-img":"disabled","footer-sml-layout":"","theme-transparent-header-meta":"","adv-header-id-meta":"","stick-header-meta":"","header-above-stick-meta":"","header-main-stick-meta":"","header-below-stick-meta":""},"_links":{"self":[{"href":"https:\/\/albatrosair.com.ve\/index.php\/wp-json\/wp\/v2\/pages\/513"}],"collection":[{"href":"https:\/\/albatrosair.com.ve\/index.php\/wp-json\/wp\/v2\/pages"}],"about":[{"href":"https:\/\/albatrosair.com.ve\/index.php\/wp-json\/wp\/v2\/types\/page"}],"author":[{"embeddable":true,"href":"https:\/\/albatrosair.com.ve\/index.php\/wp-json\/wp\/v2\/users\/1"}],"replies":[{"embeddable":true,"href":"https:\/\/albatrosair.com.ve\/index.php\/wp-json\/wp\/v2\/comments?post=513"}],"version-history":[{"count":32,"href":"https:\/\/albatrosair.com.ve\/index.php\/wp-json\/wp\/v2\/pages\/513\/revisions"}],"predecessor-version":[{"id":2369,"href":"https:\/\/albatrosair.com.ve\/index.php\/wp-json\/wp\/v2\/pages\/513\/revisions\/2369"}],"wp:attachment":[{"href":"https:\/\/albatrosair.com.ve\/index.php\/wp-json\/wp\/v2\/media?parent=513"}],"curies":[{"name":"wp","href":"https:\/\/api.w.org\/{rel}","templated":true}]}}